se
Is 810173 a multiple of 3?
False
Is 65834 a multiple of 12?
False
Is 31 a factor of 2940251?
False
Is 1798825 a multiple of 35?
True
Does 18 divide 1830888?
True
Is 449265 a multiple of 305?
True
Is 1057959 a multiple of 465?
False
Is 2365 a factor of 572330?
True
Is 22682193 a multiple of 26?
False
Is 234 a factor of 278523?
False
Is 527998 a multiple of 18?
False
Is 88 a factor of 2059464?
True
Is 147 a factor of 602406?
True
Is 4849354 a multiple of 61?
False
Is 242804 a multiple of 3?
False
Is 11 a factor of 2565116?
False
Is 32 a factor of 1218406?
False
Is 9 a factor of 23677?
False
Is 22455850 a multiple of 743?
False
Is 33 a factor of 122694?
True
Does 12 divide 1127175?
False
Does 208 divide 4874390?
False
Does 5 divide 1790153?
False
Does 32 divide 16951441?
False
Does 11 divide 6049228?
False
Is 4017485 a multiple of 895?
False
Is 18 a factor of 307993?
False
Is 2053463 a multiple of 23?
True
Does 9 divide 1414386?
True
Is 180 a factor of 12750?
False
Does 20 divide 43714?
False
Is 5 a factor of 22175?
True
Does 29 divide 16849?
True
Is 68231 a multiple of 71?
True
Is 60 a factor of 668040?
True
Is 721387 a multiple of 733?
False
Is 416298 a multiple of 77?
False
Is 21 a factor of 1761312?
True
Is 206575 a multiple of 15?
False
Is 32 a factor of 727788?
False
Does 2 divide 43312?
True
Is 12659046 a multiple of 15?
False
Is 227475 a multiple of 47?
False
Is 22 a factor of 782587?
False
Does 213 divide 12910569?
True
Is 17 a factor of 9875255?
False
Is 10125945 a multiple of 269?
False
Is 18339 a multiple of 3?
True
Does 34 divide 5481893?
False
Is 3 a factor of 17255?
False
Does 505 divide 5787300?
True
Is 2753169 a multiple of 23?
True
Does 101 divide 993169?
False
Is 360 a factor of 3732480?
True
Is 2214786 a multiple of 14?
True
Is 103 a factor of 151101?
True
Is 460 a factor of 2348760?
True
Does 165 divide 251379?
False
Is 875355 a multiple of 15?
True
Is 72742 a multiple of 5?
False
Is 188 a factor of 13276?
False
Is 25 a factor of 1615682?
False
Is 28 a factor of 303660?
True
Does 15 divide 153370?
False
Is 98 a factor of 12767048?
True
Is 10 a factor of 5170?
True
Is 81 a factor of 595952?
False
Does 125 divide 16555?
False
Is 136057 a multiple of 22?
False
Does 33 divide 2214630?
True
Is 20 a factor of 670052?
False
Is 27 a factor of 10611?
True
Does 36 divide 13450310?
False
Is 105 a factor of 647734?
False
Is 53 a factor of 34927?
True
Does 161 divide 266479?
False
Is 28 a factor of 3694908?
True
Is 226 a multiple of 226?
True
Does 16 divide 43031340?
False
Is 1113200 a multiple of 25?
True
Is 12 a factor of 197156?
False
Is 216255 a multiple of 3?
True
Is 12 a factor of 12336?
True
Is 96005 a multiple of 211?
True
Is 84591 a multiple of 39?
True
Is 95 a factor of 14550544?
False
Is 1446876 a multiple of 58?
False
Is 25529116 a multiple of 15?
False
Is 17 a factor of 6687602?
False
Is 19 a factor of 80028?
True
Is 155530 a multiple of 206?
True
Is 9 a factor of 52063?
False
Is 3 a factor of 7470?
True
Is 755197 a multiple of 11?
False
Is 5997326 a multiple of 12?
False
Is 50 a factor of 136597?
False
Is 4369484 a multiple of 33?
False
Does 46 divide 1279615?
False
Is 1162872 a multiple of 1466?
False
Is 73 a factor of 3265348?
False
Does 18 divide 440124?
False
Does 51 divide 1884617?
False
Is 94 a factor of 6266510?
True
Is 6333520 a multiple of 452?
False
Does 603 divide 3722237?
False
Is 18 a factor of 149757?
False
Is 765375 a multiple of 13?
True
Does 7 divide 16805?
False
Is 10 a factor of 671753?
False
Does 763 divide 3624485?
False
Is 137 a factor of 174401?
True
Is 34617 a multiple of 54?
False
Is 2377373 a multiple of 13?
False
Is 8342880 a multiple of 105?
True
Is 46 a factor of 2780112?
False
Is 22 a factor of 660088?
True
Does 112 divide 533012?
False
Is 744 a factor of 508896?
True
Does 82 divide 154474?
False
Is 5 a factor of 230264?
False
Is 149 a factor of 46182?
False
Is 193322 a multiple of 328?
False
Does 12 divide 70044?
True
Does 39 divide 79109?
False
Is 2 a factor of 124270?
True
Is 21520957 a multiple of 470?
False
Is 7787841 a multiple of 20?
False
Does 76 divide 1155251?
False
Is 8629173 a multiple of 729?
True
Is 688038 a multiple of 2?
True
Does 14 divide 87108?
True
Is 30 a factor of 71670?
True
Is 89 a factor of 605574?
False
Is 311054 a multiple of 6?
False
Does 51 divide 3075504?
True
Is 287 a factor of 4986912?
True
Is 9 a factor of 3453910?
False
Is 2393388 a multiple of 27?
True
Is 11 a factor of 106986?
True
Is 19 a factor of 614612?
True
Does 71 divide 208669?
True
Does 28 divide 31266?
False
Is 84 a factor of 2021933?
False
Does 295 divide 1791535?
True
Is 249746 a multiple of 31?
False
Does 43 divide 487577?
True
Does 13 divide 2801916?
True
Is 30702 a multiple of 3?
True
Is 335 a factor of 273025?
True
Is 305931 a multiple of 49?
False
Is 178 a factor of 11549345?
False
Is 124360 a multiple of 377?
False
Is 9099300 a multiple of 245?
True
Does 122 divide 673075?
False
Is 89 a factor of 4081985?
True
Is 155 a factor of 1465464?
False
Does 56 divide 542864?
True
Does 486 divide 8569328?
False
Is 11 a factor of 32949?
False
Does 7 divide 2329113?
False
Does 700 divide 562400?
False
Is 1945916 a multiple of 20?
False
Is 119 a factor of 3623907?
True
Is 839396 a multiple of 4?
True
Is 50 a factor of 348353?
False
Does 24 divide 4535880?
True
Does 13 divide 1007227?
True
Does 71 divide 798031?
False
Does 14 divide 3031826?
True
Does 229 divide 14851168?
False
Is 4 a factor of 18231?
False
Is 7 a factor of 34979?
True
Is 1299210 a multiple of 155?
True
Does 555 divide 1790985?
True
Is 18 a factor of 213588?
True
Is 55 a factor of 1852425?
False
Is 85428 a multiple of 12?
True
Does 2 divide 6369?
False
Is 10 a factor of 238620?
True
Is 22 a factor of 12737?
False
Is 2 a factor of 894229?
False
Is 32 a factor of 19328?
True
Is 337464 a multiple of 43?
True
Does 4 divide 92456?
True
Does 26 divide 651569?
False
Does 4 divide 145590?
False
Does 10 divide 1178844?
False
Does 437 divide 775238?
True
Is 2230796 a multiple of 14?
False
Does 173 divide 160050?
False
Does 33 divide 299277?
True
Is 2456107 a multiple of 598?
False
Is 48 a factor of 68496?
True
Is 16 a factor of 402336?
True
Does 42 divide 327488?
False
Is 125810 a multiple of 360?
False
Is 151632 a multiple of 78?
True
Does 37 divide 13268431?
False
Is 1263 a factor of 5062104?
True
Is 5 a factor of 1785867?
False
Is 418 a factor of 3680072?
True
Is 276 a factor of 909094?
False
Is 444880 a multiple of 83?
True
Is 935874 a multiple of 162?
True
Is 65 a factor of 349505?
True
Does 18 divide 590522?
False
Is 973438 a multiple of 160?
False
Is 12 a factor of 6563304?
True
Does 4 divide 2401060?
True
Is 150 a factor of 1162650?
True
Does 259 divide 611499?
True
Is 311418 a multiple of 6?
True
Is 591021 a multiple of 235?
False
Is 24 a factor of 119273?
False
Is 269640 a multiple of 14?
True
Is 1007630 a multiple of 5?
True
Is 2016159 a multiple of 539?
False
Does 12 divide 4611156?
True
Is 192372 a multiple of 391?
True
Is 198560 a multiple of 4?
True
Does 196 divide 2912699?
False
Is 5 a factor of 5115168?
False
Is 8203366 a multiple of 1097?
True
Does 17 divide 1953878?
True
Does 33 divide 45672?
True
Is 3056372 a multiple of 750?
False
Is 79 a factor of 8022791?
False
Is 259 a factor of 2269358?
True
Is 64 a factor of 214400?
True
Does 70 divide 1476090?
True
Is 681 a factor of 1980332?
False
Is 3 a factor of 2905?
False
Is 125460 a multiple of 11?
False
Is 5849997 a multiple of 19?
False
Does 141 divide 549310?
False
Is 32 a factor of 40771?
False
Is 835738 a multiple of 343?
False
Does 40 divide 10850640?
True
Does 94 divide 157920?
True
Does 49 divide 102263?
True
Is 3017103 a multiple of 95?
False
Does 24 divide 251040?
True
Is 40953 a multiple of 187?
True
Is 2906892 a multiple of 163?
False
Is 25235 a multiple of 2?
False
Is 167 a factor of 185559?
False
Is 1233028 a multiple of 36?
False
Does 72 divide 487368?
True
Does 1350 divide 3055050?
True
Is 72 a factor of 228096?
True
Does 110 divide 881583?
False
Is 82722 a multiple of 51?
True
Is 64 a factor of 13871425?
False
Is 2636 a factor of 22556252?
True
Does 3 divide 670940?
False
Is 395 a factor of 725615?
True
Does 343 divide 36015?
True
Is 183881 a multiple of 691?
